{"id":44,"date":"2021-02-16T14:19:04","date_gmt":"2021-02-16T13:19:04","guid":{"rendered":"http:\/\/demo.themegrill.com\/radiate\/?page_id=44"},"modified":"2025-02-08T10:45:15","modified_gmt":"2025-02-08T09:45:15","slug":"downloads","status":"publish","type":"page","link":"https:\/\/kreativ-gegen-depression.de\/?page_id=44","title":{"rendered":"Wir zeigen Wege aus der Depression"},"content":{"rendered":"\n<figure class=\"wp-block-image size-large\"><img loading=\"lazy\" decoding=\"async\" width=\"517\" height=\"226\" src=\"https:\/\/kreativ-gegen-depression.de\/wp-content\/uploads\/2021\/02\/slide_image-1.jpg\" alt=\"\" class=\"wp-image-405\" srcset=\"https:\/\/kreativ-gegen-depression.de\/wp-content\/uploads\/2021\/02\/slide_image-1.jpg 517w, https:\/\/kreativ-gegen-depression.de\/wp-content\/uploads\/2021\/02\/slide_image-1-300x131.jpg 300w\" sizes=\"auto, (max-width: 517px) 100vw, 517px\" \/><\/figure>\n\n\n\n<blockquote class=\"wp-block-quote is-layout-flow wp-block-quote-is-layout-flow\"><p>In der Gesellschaft ist noch nicht angekommen, dass die Erkrankung nicht nur die Erkrankung des \u201eEinzelnen\u201c ist und die begriffliche Bestimmung \u201eVolkskrankheit\u201c suggeriert ebenso eher, dass es nur viele \u201eEinzelne\u201c sind, welche an Depressionen erkranken. Tats\u00e4chlich halten aber gerade die Betroffenen der Gesellschaft den Spiegel vor die Augen, um zu erkennen, dass Depressionen eine gesellschaftliche Ursache haben. Weder K\u00f6rper noch Geist sind auf st\u00e4ndige 150 Prozent ausgelegt. St\u00e4ndige Erreichbarkeit, Informationsflut, Multitasking sind das Ergebnis eines unbegrenzten Wachstumswahns. Wer es glaubt, kann ja wie ein Hamster im Rad rennen und manch einem scheint dies auch von Innen noch wie eine Karriereleiter auszusehen, letztlich geht aber das Wichtigste an Ihm vorbei, das LEBEN. Die Gesellschaft muss lernen, dass der wichtigste Wert das Leben ist. Arbeit ist ein Teil des Lebens und kein Wert an sich. Solange die Wertbestimmung des Menschen aber vorrangig an der Arbeit gemessen wird, solange wird sich auch an der Depressionsh\u00e4ufigkeit nichts \u00e4ndern. Wenn ich lerne, mein Selbstwertgef\u00fchl allein dadurch zu steigern, wieder leben zu d\u00fcrfen, kann ich mit jeder Erkrankung gut leben. Wie treffend ist der Buchtitel, \u201eIRRE \u2013 wir behandeln die Falschen, unser Problem sind die Normalen\u201c.<\/p><\/blockquote>\n\n\n\n<p><\/p>\n\n\n\n<p><strong>\u00c4rztliches Zentrum f\u00fcr Qualit\u00e4t in der Medizin (\u00c4ZQ)<\/strong><br><a href=\"https:\/\/www.patienten-information.de\/themen\/psyche-und-verhalten\" class=\"broken_link\">Psyche und Verhalten \u2014 Patienten-Information.de<\/a><\/p>\n\n\n\n<p><strong>Material der Deutsche Depressionsliga:<\/strong><br><a href=\"https:\/\/depressionsliga.de\/wp-content\/uploads\/2021\/12\/201803_depressionsliga_broschuere_web-2.pdf\" data-type=\"URL\" data-id=\"https:\/\/depressionsliga.de\/wp-content\/uploads\/2021\/12\/201803_depressionsliga_broschuere_web-2.pdf\">Depressionen Ein Leitfaden f\u00fcr Betroffene und Angeh\u00f6rige<\/a><\/p>\n\n\n\n<p><strong>Psychotherapeutenkammer:<\/strong><br><a href=\"https:\/\/api.bptk.de\/uploads\/bptk_patientenbroschuere_wege_zur_psychotherapie_b4d3e37fb9.pdf\" target=\"_blank\" rel=\"noreferrer noopener\">Wege zur Psychotherapie<\/a> als PDF<br>oder als <a rel=\"noreferrer noopener\" href=\"https:\/\/www.wege-zur-psychotherapie.org\/\" target=\"_blank\">Website<\/a><\/p>\n\n\n\n<p><a href=\"https:\/\/www.gefuehle-fetzen.net\/\" target=\"_blank\" rel=\"noreferrer noopener\">GeF\u00fchle fetzen<\/a> &#8211; ein Angebot f\u00fcr Jugendliche<\/p>\n\n\n\n<p><strong>Deutsche Rentenversicherung<\/strong><br><a href=\"https:\/\/www.deutsche-rentenversicherung.de\/DRV\/DE\/Reha\/Warum-Reha\/warum-reha.html\" target=\"_blank\" rel=\"noreferrer noopener\">REHA<\/a> <a rel=\"noreferrer noopener\" href=\"https:\/\/www.deutsche-rentenversicherung.de\/SharedDocs\/Downloads\/DE\/Broschueren\/national\/med_reha_wie_sie_ihnen_hilft.pdf?__blob=publicationFile&amp;v=7\" target=\"_blank\">Medizinische Rehabilitation: Wie sie Ihnen hilft<\/a> <a rel=\"noreferrer noopener\" href=\"https:\/\/www.deutsche-rentenversicherung.de\/SharedDocs\/Downloads\/DE\/Broschueren\/national\/mit_reha_fit_fuer_den_job.pdf?__blob=publicationFile&amp;v=6\" target=\"_blank\">Mit Rehabilitation wieder fit f\u00fcr den Job<\/a><br><a rel=\"noreferrer noopener\" href=\"https:\/\/www.deutsche-rentenversicherung.de\/DRV\/DE\/Rente\/Allgemeine-Informationen\/Rentenarten-und-Leistungen\/Erwerbsminderungsrente\/Erwerbsminderungsrente.html\" target=\"_blank\">Erwerbsminderungsrente<\/a> <a href=\"https:\/\/www.deutsche-rentenversicherung.de\/SharedDocs\/Downloads\/DE\/Broschueren\/national\/erwerbsminderungsrente_das_netz_fuer_alle_faelle.pdf?__blob=publicationFile&amp;v=10\" target=\"_blank\" rel=\"noreferrer noopener\">Erwerbsminderungs\u00adrente: Das Netz f\u00fcr alle F\u00e4lle<\/a> <a href=\"https:\/\/www.deutsche-rentenversicherung.de\/SharedDocs\/Downloads\/DE\/Broschueren\/national\/erwerbsminderungsrentner_hinzuverdienen.pdf?__blob=publicationFile&amp;v=14\" target=\"_blank\" rel=\"noreferrer noopener\">Erwerbsminderungs\u00adrentner: So viel k\u00f6nnen Sie hinzuverdienen<\/a><\/p>\n\n\n\n<p><strong>Ratgeber von Krankenkassen:<\/strong><br><a rel=\"noreferrer noopener\" href=\"https:\/\/www.aok.de\/pk\/plus\/inhalt\/depression-symptome-ursachen-und-hilfe-7\/\" target=\"_blank\">AOK<\/a><br><a rel=\"noreferrer noopener\" href=\"https:\/\/www.dak.de\/dak\/gesundheit\/depressionen-das-sollten-sie-wissen-2072580.html\" target=\"_blank\">DAK<\/a><br><a rel=\"noreferrer noopener\" href=\"https:\/\/www.tk.de\/techniker\/gesundheit-und-medizin\/behandlungen-und-medizin\/psychische-erkrankungen-2019136\" target=\"_blank\">TK<\/a><br>u.v.a.<\/p>\n\n\n\n<p><strong>Deutsche Gesellschaft f\u00fcr Psychiatrie und Psychotherapie:<\/strong><br><a rel=\"noreferrer noopener\" href=\"https:\/\/www.dgppn.de\/leitlinien-publikationen\/leitlinien.html\" target=\"_blank\">Praxisleitlinien in Psychiatrie und Psychotherapie<\/a><\/p>\n\n\n\n<p><strong>Initiative Neue Qualit\u00e4t der Arbeit:<\/strong><br><a rel=\"noreferrer noopener\" href=\"https:\/\/www.psyga.info\/psychische-gesundheit\" target=\"_blank\">Psychische Gesundheit<\/a><\/p>\n\n\n\n<p><strong>Patientenratgeber von Pharmaunternehmen:<\/strong><br><a href=\"https:\/\/www.neuraxfoundation.de\/de\/downloads\" data-type=\"URL\" target=\"_blank\" rel=\"noreferrer noopener\">Neuraxwiki &#8211; sozialrechtlicher Informationsdienst<\/a><\/p>\n\n\n\n<p><a href=\"https:\/\/www.betanet.de\/depressionen-allgemeines.html\" target=\"_blank\" rel=\"noreferrer noopener\">Betanet Website zu Depressionen allgemein<\/a><br><a href=\"https:\/\/www.betanet.de\/files\/pdf\/ratgeber-depressionen.pdf\" target=\"_blank\" rel=\"noreferrer noopener\">Betanet Ratgeber Depression (PDF)<\/a><\/p>\n\n\n\n<p><a href=\"https:\/\/www.betacare.de\/files\/betacare\/downloads\/Ratgeber_PDF\/Ratgeber_Depression.pdf\" data-type=\"URL\" data-id=\"https:\/\/www.betacare.de\/files\/betacare\/downloads\/Ratgeber_PDF\/Ratgeber_Depression.pdf\" target=\"_blank\" rel=\"noreferrer noopener\">Betacare Ratgeber Depression (PDF)<\/a><\/p>\n\n\n\n<p><strong>Patientenratgeber von Kliniken:<\/strong><br><a href=\"https:\/\/www.limes-schlosskliniken.de\/app\/uploads\/2021\/07\/ratgber-depressionen-privatklinik-limes-schlossklinik.pdf\" target=\"_blank\" rel=\"noreferrer noopener\">Depression &#8211; ein Thema, das uns alle betrifft<\/a><\/p>\n\n\n\n<p><strong>GDA-Arbeitsprogramm Psyche<\/strong><br><a href=\"https:\/\/www.gda-psyche.de\/empfehlungen-zur-beruecksichtigung-psychischer-belastung-in-der-gefaehrdungsbeurteilung\/gestaltungsbereiche-und-ziele\" target=\"_blank\" rel=\"noreferrer noopener\" class=\"broken_link\">Materialien des GDA-Arbeitsprogramm Psyche<\/a><\/p>\n\n\n\n<p><strong>Integrations\u00e4mter<\/strong><br><a rel=\"noreferrer noopener\" href=\"https:\/\/www.bih.de\/fileadmin\/user_upload\/20180101_ZB_Ratgeber_Das_Betriebliche_Eingliederungsmanagement__BEM_.pdf\" target=\"_blank\">Betriebliches Eingliederungsmanagemen<\/a><a href=\"https:\/\/www.bih.de\/fileadmin\/user_upload\/20180101_ZB_Ratgeber_Das_Betriebliche_Eingliederungsmanagement__BEM_.pdf\" target=\"_blank\" rel=\"noreferrer noopener\">t<\/a><\/p>\n\n\n\n<p><strong>EUROPEAN ALLIANCE AGAINST DEPRESSION<\/strong> <br><a rel=\"noreferrer noopener\" href=\"https:\/\/ifightdepression.com\/de\/\" target=\"_blank\">Ifight Depression<\/a> Selbstmanagementprogramm<\/p>\n","protected":false},"excerpt":{"rendered":"<p>Um die Suche nach wichtigen Informationsmaterialien im Netz zu vereinfachen, haben wir hier wichtige Brosch\u00fcren und Links zusammengef\u00fchrt<\/p>\n","protected":false},"author":1,"featured_media":405,"parent":0,"menu_order":0,"comment_status":"closed","ping_status":"closed","template":"","meta":{"footnotes":""},"class_list":["post-44","page","type-page","status-publish","has-post-thumbnail","hentry"],"_links":{"self":[{"href":"https:\/\/kreativ-gegen-depression.de\/index.php?rest_route=\/wp\/v2\/pages\/44","targetHints":{"allow":["GET"]}}],"collection":[{"href":"https:\/\/kreativ-gegen-depression.de\/index.php?rest_route=\/wp\/v2\/pages"}],"about":[{"href":"https:\/\/kreativ-gegen-depression.de\/index.php?rest_route=\/wp\/v2\/types\/page"}],"author":[{"embeddable":true,"href":"https:\/\/kreativ-gegen-depression.de\/index.php?rest_route=\/wp\/v2\/users\/1"}],"replies":[{"embeddable":true,"href":"https:\/\/kreativ-gegen-depression.de\/index.php?rest_route=%2Fwp%2Fv2%2Fcomments&post=44"}],"version-history":[{"count":24,"href":"https:\/\/kreativ-gegen-depression.de\/index.php?rest_route=\/wp\/v2\/pages\/44\/revisions"}],"predecessor-version":[{"id":927,"href":"https:\/\/kreativ-gegen-depression.de\/index.php?rest_route=\/wp\/v2\/pages\/44\/revisions\/927"}],"wp:featuredmedia":[{"embeddable":true,"href":"https:\/\/kreativ-gegen-depression.de\/index.php?rest_route=\/wp\/v2\/media\/405"}],"wp:attachment":[{"href":"https:\/\/kreativ-gegen-depression.de\/index.php?rest_route=%2Fwp%2Fv2%2Fmedia&parent=44"}],"curies":[{"name":"wp","href":"https:\/\/api.w.org\/{rel}","templated":true}]}}

<figure class="wp-block-image size-large"><img loading="lazy" decoding="async" width="517" height="226" src="https://kreativ-gegen-depression.de/wp-content/uploads/2021/02/slide_image-1.jpg" alt="" class="wp-image-405" srcset="https://kreativ-gegen-depression.de/wp-content/uploads/2021/02/slide_image-1.jpg 517w, https://kreativ-gegen-depression.de/wp-content/uploads/2021/02/slide_image-1-300x131.jpg 300w" sizes="auto, (max-width: 517px) 100vw, 517px" /></figure>



<blockquote class="wp-block-quote is-layout-flow wp-block-quote-is-layout-flow"><p>In der Gesellschaft ist noch nicht angekommen, dass die Erkrankung nicht nur die Erkrankung des „Einzelnen“ ist und die begriffliche Bestimmung „Volkskrankheit“ suggeriert ebenso eher, dass es nur viele „Einzelne“ sind, welche an Depressionen erkranken. Tatsächlich halten aber gerade die Betroffenen der Gesellschaft den Spiegel vor die Augen, um zu erkennen, dass Depressionen eine gesellschaftliche Ursache haben. Weder Körper noch Geist sind auf ständige 150 Prozent ausgelegt. Ständige Erreichbarkeit, Informationsflut, Multitasking sind das Ergebnis eines unbegrenzten Wachstumswahns. Wer es glaubt, kann ja wie ein Hamster im Rad rennen und manch einem scheint dies auch von Innen noch wie eine Karriereleiter auszusehen, letztlich geht aber das Wichtigste an Ihm vorbei, das LEBEN. Die Gesellschaft muss lernen, dass der wichtigste Wert das Leben ist. Arbeit ist ein Teil des Lebens und kein Wert an sich. Solange die Wertbestimmung des Menschen aber vorrangig an der Arbeit gemessen wird, solange wird sich auch an der Depressionshäufigkeit nichts ändern. Wenn ich lerne, mein Selbstwertgefühl allein dadurch zu steigern, wieder leben zu dürfen, kann ich mit jeder Erkrankung gut leben. Wie treffend ist der Buchtitel, „IRRE – wir behandeln die Falschen, unser Problem sind die Normalen“.</p></blockquote>



<p></p>



<p><strong>Ärztliches Zentrum für Qualität in der Medizin (ÄZQ)</strong><br><a href="https://www.patienten-information.de/themen/psyche-und-verhalten" class="broken_link">Psyche und Verhalten — Patienten-Information.de</a></p>



<p><strong>Material der Deutsche Depressionsliga:</strong><br><a href="https://depressionsliga.de/wp-content/uploads/2021/12/201803_depressionsliga_broschuere_web-2.pdf" data-type="URL" data-id="https://depressionsliga.de/wp-content/uploads/2021/12/201803_depressionsliga_broschuere_web-2.pdf">Depressionen Ein Leitfaden für Betroffene und Angehörige</a></p>



<p><strong>Psychotherapeutenkammer:</strong><br><a href="https://api.bptk.de/uploads/bptk_patientenbroschuere_wege_zur_psychotherapie_b4d3e37fb9.pdf" target="_blank" rel="noreferrer noopener">Wege zur Psychotherapie</a> als PDF<br>oder als <a rel="noreferrer noopener" href="https://www.wege-zur-psychotherapie.org/" target="_blank">Website</a></p>



<p><a href="https://www.gefuehle-fetzen.net/" target="_blank" rel="noreferrer noopener">GeFühle fetzen</a> &#8211; ein Angebot für Jugendliche</p>



<p><strong>Deutsche Rentenversicherung</strong><br><a href="https://www.deutsche-rentenversicherung.de/DRV/DE/Reha/Warum-Reha/warum-reha.html" target="_blank" rel="noreferrer noopener">REHA</a> <a rel="noreferrer noopener" href="https://www.deutsche-rentenversicherung.de/SharedDocs/Downloads/DE/Broschueren/national/med_reha_wie_sie_ihnen_hilft.pdf?__blob=publicationFile&amp;v=7" target="_blank">Medizinische Rehabilitation: Wie sie Ihnen hilft</a> <a rel="noreferrer noopener" href="https://www.deutsche-rentenversicherung.de/SharedDocs/Downloads/DE/Broschueren/national/mit_reha_fit_fuer_den_job.pdf?__blob=publicationFile&amp;v=6" target="_blank">Mit Rehabilitation wieder fit für den Job</a><br><a rel="noreferrer noopener" href="https://www.deutsche-rentenversicherung.de/DRV/DE/Rente/Allgemeine-Informationen/Rentenarten-und-Leistungen/Erwerbsminderungsrente/Erwerbsminderungsrente.html" target="_blank">Erwerbsminderungsrente</a> <a href="https://www.deutsche-rentenversicherung.de/SharedDocs/Downloads/DE/Broschueren/national/erwerbsminderungsrente_das_netz_fuer_alle_faelle.pdf?__blob=publicationFile&amp;v=10" target="_blank" rel="noreferrer noopener">Erwerbsminderungs­rente: Das Netz für alle Fälle</a> <a href="https://www.deutsche-rentenversicherung.de/SharedDocs/Downloads/DE/Broschueren/national/erwerbsminderungsrentner_hinzuverdienen.pdf?__blob=publicationFile&amp;v=14" target="_blank" rel="noreferrer noopener">Erwerbsminderungs­rentner: So viel können Sie hinzuverdienen</a></p>



<p><strong>Ratgeber von Krankenkassen:</strong><br><a rel="noreferrer noopener" href="https://www.aok.de/pk/plus/inhalt/depression-symptome-ursachen-und-hilfe-7/" target="_blank">AOK</a><br><a rel="noreferrer noopener" href="https://www.dak.de/dak/gesundheit/depressionen-das-sollten-sie-wissen-2072580.html" target="_blank">DAK</a><br><a rel="noreferrer noopener" href="https://www.tk.de/techniker/gesundheit-und-medizin/behandlungen-und-medizin/psychische-erkrankungen-2019136" target="_blank">TK</a><br>u.v.a.</p>



<p><strong>Deutsche Gesellschaft für Psychiatrie und Psychotherapie:</strong><br><a rel="noreferrer noopener" href="https://www.dgppn.de/leitlinien-publikationen/leitlinien.html" target="_blank">Praxisleitlinien in Psychiatrie und Psychotherapie</a></p>



<p><strong>Initiative Neue Qualität der Arbeit:</strong><br><a rel="noreferrer noopener" href="https://www.psyga.info/psychische-gesundheit" target="_blank">Psychische Gesundheit</a></p>



<p><strong>Patientenratgeber von Pharmaunternehmen:</strong><br><a href="https://www.neuraxfoundation.de/de/downloads" data-type="URL" target="_blank" rel="noreferrer noopener">Neuraxwiki &#8211; sozialrechtlicher Informationsdienst</a></p>



<p><a href="https://www.betanet.de/depressionen-allgemeines.html" target="_blank" rel="noreferrer noopener">Betanet Website zu Depressionen allgemein</a><br><a href="https://www.betanet.de/files/pdf/ratgeber-depressionen.pdf" target="_blank" rel="noreferrer noopener">Betanet Ratgeber Depression (PDF)</a></p>



<p><a href="https://www.betacare.de/files/betacare/downloads/Ratgeber_PDF/Ratgeber_Depression.pdf" data-type="URL" data-id="https://www.betacare.de/files/betacare/downloads/Ratgeber_PDF/Ratgeber_Depression.pdf" target="_blank" rel="noreferrer noopener">Betacare Ratgeber Depression (PDF)</a></p>



<p><strong>Patientenratgeber von Kliniken:</strong><br><a href="https://www.limes-schlosskliniken.de/app/uploads/2021/07/ratgber-depressionen-privatklinik-limes-schlossklinik.pdf" target="_blank" rel="noreferrer noopener">Depression &#8211; ein Thema, das uns alle betrifft</a></p>



<p><strong>GDA-Arbeitsprogramm Psyche</strong><br><a href="https://www.gda-psyche.de/empfehlungen-zur-beruecksichtigung-psychischer-belastung-in-der-gefaehrdungsbeurteilung/gestaltungsbereiche-und-ziele" target="_blank" rel="noreferrer noopener" class="broken_link">Materialien des GDA-Arbeitsprogramm Psyche</a></p>



<p><strong>Integrationsämter</strong><br><a rel="noreferrer noopener" href="https://www.bih.de/fileadmin/user_upload/20180101_ZB_Ratgeber_Das_Betriebliche_Eingliederungsmanagement__BEM_.pdf" target="_blank">Betriebliches Eingliederungsmanagemen</a><a href="https://www.bih.de/fileadmin/user_upload/20180101_ZB_Ratgeber_Das_Betriebliche_Eingliederungsmanagement__BEM_.pdf" target="_blank" rel="noreferrer noopener">t</a></p>



<p><strong>EUROPEAN ALLIANCE AGAINST DEPRESSION</strong> <br><a rel="noreferrer noopener" href="https://ifightdepression.com/de/" target="_blank">Ifight Depression</a> Selbstmanagementprogramm</p>

<p>Um die Suche nach wichtigen Informationsmaterialien im Netz zu vereinfachen, haben wir hier wichtige Broschüren und Links zusammengeführt</p>
