{"id":87,"date":"2021-02-16T03:59:18","date_gmt":"2021-02-16T02:59:18","guid":{"rendered":"http:\/\/demo.themegrill.com\/radiate\/?page_id=87"},"modified":"2021-02-22T09:54:55","modified_gmt":"2021-02-22T08:54:55","slug":"selbsthilfegalerie","status":"publish","type":"page","link":"https:\/\/kreativ-gegen-depression.de\/?page_id=87","title":{"rendered":"Selbsthilfegalerie"},"content":{"rendered":"\n<blockquote class=\"wp-block-quote is-layout-flow wp-block-quote-is-layout-flow\"><p>Wir alle sind soziale Wesen, aber mit der Diagnose \u201eDepression\u201c verbinden sich oft noch Unsicherheit oder gar Ausgrenzung. Im \u00e4u\u00dfersten Fall wenden sich Freunde und Familie von einem ab. Die innere Befindlichkeit verlangt aber geradezu nach Kontakt, nach Austausch, nach Geborgenheit und Verst\u00e4ndnis. Als Betroffener muss man lernen, sich selbst wieder zu lieben, seine Gef\u00fchle zu zeigen und zu artikulieren.<\/p><\/blockquote>\n","protected":false},"excerpt":{"rendered":"<p>Wenn sich das Gef\u00fchl breit macht, nichts mehr zu schaffen, sich zur\u00fcckziehen zu wollen; pl\u00f6tzlich lang zur\u00fcckliegende Ereignisse des eigenen Lebens eine Aufarbeitung erwarten, dann ist es nicht leicht, sich gegen\u00fcber anderen zu \u00f6ffnen. Die Angst, schwach zu sein in einer Umwelt, welche \u201eSt\u00e4rke\u201c erwartet, entzieht unserer Seele und unserem K\u00f6rper Kraft und Energie.<\/p>\n","protected":false},"author":1,"featured_media":0,"parent":0,"menu_order":0,"comment_status":"closed","ping_status":"closed","template":"","meta":{"footnotes":""},"class_list":["post-87","page","type-page","status-publish","hentry"],"_links":{"self":[{"href":"https:\/\/kreativ-gegen-depression.de\/index.php?rest_route=\/wp\/v2\/pages\/87","targetHints":{"allow":["GET"]}}],"collection":[{"href":"https:\/\/kreativ-gegen-depression.de\/index.php?rest_route=\/wp\/v2\/pages"}],"about":[{"href":"https:\/\/kreativ-gegen-depression.de\/index.php?rest_route=\/wp\/v2\/types\/page"}],"author":[{"embeddable":true,"href":"https:\/\/kreativ-gegen-depression.de\/index.php?rest_route=\/wp\/v2\/users\/1"}],"replies":[{"embeddable":true,"href":"https:\/\/kreativ-gegen-depression.de\/index.php?rest_route=%2Fwp%2Fv2%2Fcomments&post=87"}],"version-history":[{"count":6,"href":"https:\/\/kreativ-gegen-depression.de\/index.php?rest_route=\/wp\/v2\/pages\/87\/revisions"}],"predecessor-version":[{"id":599,"href":"https:\/\/kreativ-gegen-depression.de\/index.php?rest_route=\/wp\/v2\/pages\/87\/revisions\/599"}],"wp:attachment":[{"href":"https:\/\/kreativ-gegen-depression.de\/index.php?rest_route=%2Fwp%2Fv2%2Fmedia&parent=87"}],"curies":[{"name":"wp","href":"https:\/\/api.w.org\/{rel}","templated":true}]}}